. Suppose -8*r = -12*r + 12. Suppose -4 = -3*q + 2*s + 28, 0 = 4*q - r*s - 43. Is v(q) composite?
False
Let u be (-52929)/(-7) - 7/((-196)/(-8)). Suppose 3*v + r - u = 0, 3*v - r = -4*r + 7557. Is v a composite number?
False
Let k(s) = 19*s + 6. Let f(b) = -58*b - 19. Let n(p) = 2*f(p) + 7*k(p). Let d be n(-3). Let z = 112 + d. Is z a prime number?
False
Let s(x) = x**3 - 12*x**2 + 10*x + 6. Let u be s(11). Let y be (42/35)/(2/u). Is 210/4 + y/(-6) a prime number?
True
Suppose 3*j - 520 = 1262. Suppose -871 = -5*b + j. Is b a composite number?
False
Let c = 1390 + -711. Is c composite?
True
Suppose -8 = 3*b + 28. Suppose -4*j = -5*p + 13, -11*j - 12 = -6*j - 2*p. Is j/(-8) + (-921)/b prime?
False
Suppose -4*g = 5270 + 1866. Let l = 641 + g. Is l/(-12)*8/3 a prime number?
False
Let h be (-3 + 4)/(1/5). Suppose -3*o - h*r = 69, 0*o + 19 = -o - 3*r. Let l = -15 - o. Is l prime?
True
Suppose 16*j = 4*j + 201804. Is j prime?
False
Suppose 0 = -5*g + 2*p - p + 3726, 2 = -2*p. Is g prime?
False
Let p = 39 - 37. Suppose 3*n - 2806 = g, -p*n - 2*n = -g - 3743. Is n prime?
True
Suppose -a + 4*a - 9 = 0. Suppose 113 = v + a*s + 37, 0 = -v - 4*s + 73. Is v prime?
False
Let n(l) = -561*l - 69. Let s be n(-21). Suppose 7*t + 2654 - s = 0. Is t prime?
False
Suppose 16*r = 5*u + 14*r - 134055, 0 = -u + 3*r + 26798. Is u prime?
True
Suppose 0*q - 15 = -5*q. Suppose x = -q*x + 24. Let h(p) = 9*p**2 - 4*p + 7. Is h(x) a prime number?
True
Let w(o) = 2*o - 8. Let c be w(5). Suppose -c*n - 3*n - 45 = 0. Let x(q) = -8*q + 11. Is x(n) composite?
False
Suppose k + 3 = 2*k. Let a be 1/2 - 21/(-6). Suppose l - a*n = 3, 2*l = -k*l - 5*n + 115. Is l prime?
True
Suppose -282998 = -21*z + 800455. Is z a composite number?
False
Suppose 0 = 4*q - 2386 - 6202. Is q a composite number?
True
Suppose 0 = -5*l, -2*l + 1590 = -3*q + 24447. Is q a prime number?
False
Is ((-63)/(-18) - 2)/((-6)/(-83588)) composite?
False
Is (-4679790)/(-150) - (0 + 2/(-5)) a prime number?
False
Let o = 5810 + -3037. Is o composite?
True
Suppose 5 = 2*v + 1. Let h be 2 + (v - 118*-1). Suppose 0 = 3*c + 3, 3*j - h - 55 = 3*c. Is j prime?
False
Let g(n) be the second derivative of -n**3/2 - 8*n**2 + 8*n. Let w(o) = 2*o + 25. Let t be w(-17). Is g(t) a composite number?
False
Suppose 2*a + 5*c - 61 = 0, -3*a - 37 = -4*a + 4*c. Let m = 48 - 62. Let s = a - m. Is s a prime number?
True
Let g = 41 + -45. Is 25206/78 - (0 - g/26) a prime number?
False
Let d be (-4)/(-6) - 26/(-6). Let s = 6 - d. Is 162/6 + (s - 2) a composite number?
True
Let n be 1006*(-1 - (15/6)/(-1)). Suppose 0 = 6*d - 9*d + n. Is d composite?
False
Let a be 1/((9/(-339))/(-3)). Let o = 202 - a. Is o composite?
False
Let z = 10 + -8. Suppose 0 = -z*u + 109 + 235. Suppose d - u = -9. Is d composite?
False
Suppose 0 = 4*m - 0 - 4. Let i be (2/(-4))/(m/(-6)). Suppose 0 = -2*u - z - 3*z + 1086, i*u - 1609 = -z. Is u a composite number?
True
Suppose u - 4*u - x = -6, -x = -2*u - 1. Suppose 4*s - u - 11 = 0. Is -298*(5/2 - s) a composite number?
False
Is 11300/25*((-58)/(-8) - 3) a composite number?
True
Suppose -22*v - 4*t = -17*v - 76849, 2*v = -t + 30742. Is v a prime number?
True
Suppose -4*g + 8169 = 5*o - 6654, -3*o + 8897 = 4*g. Is o prime?
True
Let c(q) = -3*q**2 - 5*q + 10. Let f be c(7). Let k = 83 + f. Let l = k - -246. Is l prime?
True
Let b(r) = 2*r**2 - r. Let o be b(-2). Suppose m - 5*n + 8 = 0, -4*m + o = 4*n - 6. Is m/10 + (-1708)/(-35) prime?
False
Let g be 1 + -2 + (-6)/(-3). Let a be -3*g - 15/(-5). Suppose -4*h + n + 1031 = a, 0 = -5*n - 0*n - 15. Is h a composite number?
False
Let v(q) = q**2 + 2*q - 3. Let b(y) = -10*y. Let x be b(-1). Let f = 18 - x. Is v(f) a composite number?
True
Is 8/3 - (-5717042)/366 prime?
False
Suppose c - q - 13993 = q, 2*q = -c + 13977. Is c a composite number?
True
Suppose -32 = -4*v + 128. Suppose 4*m - v = -0*m. Is ((-670)/25)/((-2)/m) prime?
False
Let y be (1 + 5)/((-2)/(-761)). Suppose -5576 = -a - 3*a. Let z = y - a. Is z a prime number?
False
Suppose -434*u + 431*u + 51858 = 3*o, 5*o - 4*u - 86439 = 0. Is o a composite number?
True
Let i(b) = b**2 + 7*b + 6. Let t be i(-6). Suppose 2*m - a + t*a = 634, -4*m + 5*a = -1256. Is m a prime number?
False
Let j(q) = 4*q + 30. Let p be j(-9). Is 69 - 9/p*8/(-6) a composite number?
False
Is 4/2 + (-65835)/(-7) a prime number?
False
Let q = 1261 - -900. Is q a prime number?
True
Is ((-446)/4 - 0)*(-126)/9 prime?
False
Let w = -16 + 23. Let h be 6/9 + w/3. Is -2 + h + (-88)/(-1) a prime number?
True
Let o = 618 - -23. Is o composite?
False
Let v(n) = -2*n**2 - 3*n - 2. Let i = 13 - 15. Let o be v(i). Is 10*((-174)/o - -1) a composite number?
True
Let s(f) = -5 - 12*f + 2*f - 1 - 10. Is s(-9) a composite number?
True
Let t(g) = -g**3 - 4*g + 12319. Is t(0) prime?
False
Let w(q) = 2*q. Let m be w(2). Let d = 0 + m. Suppose 0 = 4*s + 2*o - 40, d*o - 3*o - 42 = -4*s. Is s prime?
True
Suppose -h - 767 = -2*h. Suppose 11*x - 6592 = h. Is x a composite number?
True
Let i(q) = -q - 17. Let p be i(-22). Suppose 5*o = -n + 1044, 0 = 3*n + p*o - 1812 - 1370. Is n prime?
True
Let q be 5/2*36/45. Suppose -4*h = q*y, -3*h - 2*y = -4*y - 14. Is (-61427)/(-171) + h/(-9) composite?
False
Let n(v) = 83*v**2 - 12*v + 3. Is n(-4) prime?
False
Let n(z) = 14*z**2 - 6*z + 3. Let k be 0/(-2) + 64/16. Is n(k) composite?
True
Let y(b) = 6*b**2 - b - 12. Let h(r) = -7 + 9 + r - 2*r. Let x be h(-3). Is y(x) a composite number?
True
Let m = -1277 - -2303. Suppose 3*r + 963 + m = 0. Let i = r + 992. Is i prime?
False
Let x(y) = -y**2 - 13*y + 18. Let l be x(-14). Suppose 0 = l*j - 3*r - 3896, 3*r + 2679 = 5*j - 2188. Is j prime?
True
Let o(t) = -5*t**3 + 7 - 2*t**3 - t + t**3. Let p = 159 - 163. Is o(p) a prime number?
False
Let h = 4 + 2. Suppose r + 910 = -9*r. Is (h - r)/(1/1) composite?
False
Suppose 0 = -4*s - 5*r + 37624, -2*r = 4*s - 30354 - 7282. Is s composite?
True
Let c be 12/1 - (4 + -1). Suppose -q + 5*q - c = j, 5*j - 5*q = 0. Is j/(-2)*342/(-9) composite?
True
Suppose 2*z + 0*c + c = 11, -5*z + c = -10. Suppose z*y + 200 = 8537. Is y a prime number?
False
Suppose 4*i + 177*l - 178*l = 231244, 0 = -4*i + 5*l + 231244. Is i prime?
False
Suppose 5*p = -p + 48. Suppose -p*o = -5067 - 19149. Is o a prime number?
False
Suppose 2*u - 24685 = -x, -74058 = -11*x + 8*x - 5*u. Is x a composite number?
False
Let v be 0*2*(-3)/12. Suppose v = k - 6*k + 10. Is 314/3*3/k a composite number?
False
Suppose x = 2*x - 3*d + 10, -2*x - 2*d = -20. Suppose -x*y - 33 = -h - 2*y, 0 = -4*y + 8. Is h a composite number?
True
Let w(t) = -1098*t**3 + t**2 + 2*t. Suppose -3 = 3*k + 4*s, 5*k - s + 5 = -3*s. Is w(k) a prime number?
True
Let v = -27 + 27. Suppose v = 5*x + 2*i - 601, -i + 103 = 3*x - 257. Is x a composite number?
True
Is 11576 + (24/(-8) - -6) a prime number?
True
Suppose 0 = -4*z + 4 + 12. Suppose -z*j + 12 = 0, -2*s + j + 515 + 536 = 0. Is s a prime number?
False
Is 2/17 - (-333105)/85 composite?
False
Let x be (1 - -4) + -2 + 1. Let z(f) = 5*f**3 + 7*f**2 - 7*f + 5. Let o be z(x). Suppose 5*r - o - 296 = 0. Is r a prime number?
False
Is (9/((-54)/(-4)))/(6/18477) a composite number?
False
Suppose -7*n + 23*n + 9984 = 0. Suppose 3*q + 849 = -3*g, 4*q + 1136 = -3*g - 0*g. Let a = q - n. Is a a composite number?
False
Suppose 0 = g - 2. Suppose g*r + 5*w - 3188 = -r, -r - 5*w = -1066. Is r prime?
True
Let c = -255 - -133. Let s = c - -193. Suppose k - 4*g - s = 0, 5*k = -4*g + 501 - 98. Is k a composite number?
False
Let r be (-6)/15 + (-44)/(-10). Suppose 3*o - 20 = 5*n + 25, 0 = -2*o + r*n + 30. Is o a composite number?
True
Let a(i) = 2*i**3 - 7*i**2 - 4*i + 7. Suppose 18 = c + 4*z, 0 = 5*c + z + 3*z - 42. Is a(c) composite?
False
Let x(g) = -g + 2429. Is x(0) composite?
True
Let n = 2948 - 1479. Is n a composite number?
True
Suppose -2152666 = -21*w - 65*w. Is w composite?
False
Is ((-2)/4)/(7137/7146 - 1) composite?
False
Let c(v) = v**3 + 6*v**2 + 6*v + 10. Let t be c(-5). Suppose 3*i = t*i - 30. Suppose 269 - i = 2*f. Is f a prime number?
True
Let i(a) = -1. Let g(d) = 5*d - 138. Let b(k) = -g(k) + 5*i(k). Is b(0) composite?
True
Let t(k) = 5*k + 5. Let o = 20 + -29. Let n be t(o). Is 16/n + (-3294)/(-10) prime?
False
Suppose -5*o = 29 + 111. Is 2321/7 + o/49 comp